) = -5*j**2 + 1. Let y(r) = r**2. Let m(s) = a*y(s) + q(s). Determine m(v).
5
Let d(k) = -k**3 + 5*k**2 + k + 1. Let l be (-4 - 130/(-25))*(-5)/(-3). Suppose 60 = l*p + 52. Calculate d(p).
21
Let o(d) = -2*d**2 + 5*d - 15. Let m be (-59)/236 + 50/8. Calculate o(m).
-57
Let w(g) = g**3 - 3*g**2 - 4*g - 5. Let v(j) = -j**2 - 21*j + 76. Suppose 13*y - 170 = 8*y. Let p = y - 58. Let t be v(p). Calculate w(t).
-5
Suppose 6*f = 18 + 18. Suppose -f*v - 75 = -57. Let j(u) = u**3 + 4*u**2 + 2*u - 2. Give j(v).
1
Suppose -2*o - 7814 = -7790. Let b(x) = 2*x**2 + 23*x + 5. Determine b(o).
17
Let s(o) = -o - 4. Let z be 0 + (-2 - -2)/(-2 + 0). Let w be ((-4 - -2) + (-2 - z))*-1. Suppose 1 = w*r + 1. What is s(r)?
-4
Suppose -5*u + w = 48, w - 3 = -0*w. Let l(v) = 8*v**2 - 3484185956*v + 2 + 2 + v**3 + 3484185951*v. What is l(u)?
-32
Let p(d) = -7*d - 3. Let f be p(5). Let q = -33 - f. Let i(o) = -5 - 2*o - 106*o**2 + q*o + o**3 + 111*o**2. What is i(-4)?
-1
Let w(z) = -26 + 47 + 21 + 42 - z**2 - 16505*z + 16504*z. Give w(-9).
12
Let t(p) = 5*p**2 + 1. Let u(f) = -5*f**3 - 13 + 4*f**3 - 2*f + 0 - 7*f**2. Let o be u(-7). Calculate t(o).
6
Let d(c) = c - 5. Let y be d(16). Let j = -17 + y. Let x(h) be the third derivative of -h**5/60 - h**4/6 + 2*h**3/3 + 10*h**2. Give x(j).
-8
Let o(f) = 63*f - 4272. Let z be o(68). Let v(u) = -u**3 + 14*u**2 - 20*u - 22. Calculate v(z).
26
Let c be (152/(-32) - -4)*40/3 + 12. Let o(y) = 11*y**2 - 4*y. Let p(l) = 17*l**2 - 6*l. Let n(a) = -8*o(a) + 5*p(a). Calculate n(c).
-8
Let k(q) = -3*q + 53. Suppose -2*s - 2*r + 34 = 0, 340*s + 61 = 344*s + 5*r. Give k(s).
-19
Suppose 44 = -3*k - c, 0 = 3*k - 87*c + 82*c + 14. Let b(h) = -h - 6. Give b(k).
7
Let k(v) = -v**3 + 5*v**2 + 22*v - 100. Let t be k(6). Let i(d) be the second derivative of -1/20*d**5 + 0 + 0*d**2 - 1/3*d**4 + 1/6*d**3 + 16*d. Give i(t).
-4
Let k(o) = -o**2 - 45*o - 4. Suppose 3*t - 4*d = -135, -t - 153*d + 158*d = 45. Calculate k(t).
-4
Let t(q) = -6 - 13*q**2 - 10*q**2 + 24*q**2 - 9*q**3 + 20*q**3 + 5*q. Give t(1).
11
Suppose 6*o = -4*r + 12, r - 9 + 3 = -o. Let y(g) = g**3 - 3*g**2 - 112*g + 54. Determine y(r).
6
Let u(f) = -f**2 - 4. Let q = 1882 + -1888. What is u(q)?
-40
Let c(x) be the first derivative of -1/2*x**2 + 56 - 2*x. Give c(7).
-9
Let o(g) = -3*g**3 + 2*g**2 + g. Let s = -26 - -26. Let a = 8 + -3. Suppose -j + s*k + 4*k - 13 = 0, -2*j + a*k = 17. What is o(j)?
4
Let m(t) = -8*t - 20. Suppose -18*y - 8 = 3*r - 13*y, -28 = 5*r + y. Calculate m(r).
28
Let j(q) = q**2 - 7*q - 55. Let a be j(12). Let f(d) = -d**2 + 8*d + 10. Calculate f(a).
25
Let w(v) be the second derivative of -v**4/12 - 11*v**3/6 - 11*v**2/2 - 2*v. Let k be ((-830)/4)/((-2)/4) - 5. Let a = -420 + k. Give w(a).
-1
Let g be (-16)/6*(-8 + 182/28). Suppose 83*h + 4 = g. Let r(y) be the first derivative of -y**2/2 - 11*y - 1. What is r(h)?
-11
Let i(q) = 1 - 104*q - 107*q + 209*q. Let m(p) = -2. Let h(v) = -3*i(v) - m(v). What is h(1)?
5
Suppose 4*w + 4*o + 24 = 0, -6*w - 5*o = -11*w - 10. Let d(n) = n**3 + 5*n**2 + 13*n + 22. Give d(w).
-14
Let a be 9/(-27) - (-19)/3. Let m(o) = -a - 71*o + 74*o + 0. Determine m(4).
6
Let p = -58824 - -58827. Let d(t) = 7*t**2 - 4*t + 10. Let x(l) = 11*l**2 - 6*l + 15. Let c(k) = 8*d(k) - 5*x(k). Give c(p).
8
Let n(t) = 5*t**2 + t + 2. Let v = -15272 + 15276. What is n(v)?
86
Let a = -263 + 265. Let m(o) = 30*o + 4 - 3*o**a + 0*o**3 + o**3 + 9*o**2 - 32*o. Calculate m(-6).
16
Suppose -6 = 2*r, -16*r + 6 = 3*c - 13*r. Let k(v) = 2*v**3 - 5*v**2 - 14*v + 11. Give k(c).
66
Let z(k) = 96 + k - 54 - 58. Determine z(12).
-4
Let c(r) = 2*r + 0*r**3 + 12 - 43*r**2 - 32*r**2 + 80*r**2 - r**3 - 17*r**2. Determine c(-12).
-12
Let m(a) = -35*a**3 + 4*a**2 - 3*a + 7. Let i(o) = -12*o**3 + o**2 - o + 2. Let x = 41 - 48. Let z(c) = x*i(c) + 2*m(c). Let f be (12 - 9)*2/(-6). What is z(f)?
-14
Let x(j) = 4*j + 38. Suppose 0 = -4*z + 4690 - 4726. Determine x(z).
2
Let m(k) = -k**3 - k - 1. Suppose 4 = 5*y - 46. Let r be (-6)/4*(-20)/y. Suppose j + 4*j + 8 = 2*o, -r*j + o = 4. Determine m(j).
-1
Suppose 2*j - 4*q = -10, 0 = -3*j + 5*q - 197 + 187. Let y(m) = -m**3 + 4*m**2 + 8*m - 22. Give y(j).
-7
Suppose 0 = -13*l + 5395 - 5239. Let t(c) = -c**3 + 12*c**2 - 3*c + 4. Calculate t(l).
-32
Let y(c) = -c**3 - 13*c**2 - 6. Let r = -85 + 110. Let q be (-5)/10 - r/2. What is y(q)?
-6
Let r(j) = 2*j**2 - 24*j - 18. Let m(n) = n**2 - 11*n - 9. Let k(v) = 7*m(v) - 3*r(v). Suppose 3*o - 5 - 10 = 0, -2*w - 5*o + 35 = 0. Give k(w).
-9
Suppose -272*n + 267*n - 480 = 0. Let j = 101 + n. Let m(b) = -b**2 + 6*b - 15. Determine m(j).
-10
Let w(i) = -6*i**2 - 36*i + 2. Let x be w(-6). Let q(j) = -19*j**3 - j**2. What is q(x)?
-156
Let m(a) = -a + 13. Let p be m(10). Let t(n) = -4*n**3 - 7*n**2 - 3. Let k(v) = 11*v**3 + 21*v**2 + v + 7. Let o(w) = p*k(w) + 8*t(w). Give o(-5).
32
Let a(x) = -x**3 + x - 1. Let n(l) = 5*l**3 + 8*l**2 - 8*l - 8. Let t(r) = -4*a(r) - n(r). Let q be ((-5680)/(-7455))/((-4)/42). Determine t(q).
-20
Let u(r) be the second derivative of -7*r**3/6 + 57*r**2/2 - 1368*r. Give u(8).
1
Let t(u) = 24 - u**3 - u - u**2 + 0*u**2 - 2*u**2 + 4*u**2. Let n be (2664/(-162) - -16) + 4/9. Calculate t(n).
24
Suppose -d = 80 - 83. Let a be 37/5 - (d - 78/30). Let v(b) = -3*b + 1. Calculate v(a).
-20
Suppose 0 = -j + t - 0*t + 7, -3*j - t + 1 = 0. Let d(s) be the second derivative of -1/6*s**3 + s**2 - 3*s - 1. Calculate d(j).
0
Let p(r) = r - 5. Suppose 0 = -3*v + 273 - 204. Suppose v*c = -18 + 110. What is p(c)?
-1
Let w(k) = 6*k**2 + 3 - 5*k - k**3 + 0*k - k. Suppose -10*r - 3*r = -364. Let o be r/2 - (9 + 0). Give w(o).
-2
Let v(h) be the first derivative of -h**4/4 - 4*h**3/3 + h**2 + 2*h + 1. Let l(c) = -2*c + 18. Let z be l(16). Let a = z + 10. Calculate v(a).
-6
Let v(j) = -5*j - 65. Let c be v(-14). Suppose c*p - 2*p = 6. Let s(b) be the first derivative of b**3/3 - 5*b**2/2 + b + 1. Give s(p).
-5
Let i be (-15)/(-10) + 3/6. Suppose 2*r + q - 16 = -r, q - 1 = 0. Suppose i*n = r*n. Let k(w) = -w**3 + 2. Calculate k(n).
2
Let c(k) = 4*k**2 - 84*k - 7. Let y(x) = -x**2 + 22*x + 2. Let d(w) = 6*c(w) + 23*y(w). Give d(3).
19
Suppose 2*v - 5*r = 5, 14*r - 11*r = -2*v - 3. Let p(g) be the third derivative of -g**2 + 0 + 1/6*g**3 + v*g - 1/24*g**4. Determine p(1).
0
Let f(j) = -5*j**2 - 9*j - j**3 - 4 - 14*j + 42*j - 16*j + 0. Let t = 8 - 14. Calculate f(t).
14
Let p(h) = -7 - 4*h - 4*h + h + h**2. Suppose -x + 6 = 3. Let a be x - 6/(2/(-1)). Determine p(a).
-13
Let x(n) be the first derivative of -2*n**2 - 41*n + 3194. Give x(-12).
7
Let n be 708/3304 + (-3)/14. Let d(i) be the third derivative of 13/24*i**4 + 0*i - 1/60*i**5 + n - 5/3*i**3 - 7*i**2. What is d(9)?
26
Let g(u) = -3*u - 7. Let f be (4 + 12/(-4))*5. Let y be f*14/385 + (-1874)/22. Let h = y + 79. Determine g(h).
11
Suppose 90 = -15*s + 20*s. Suppose -4*j = -f, -8*f - j = -6*f + s. Let d(w) be the third derivative of w**4/24 + w**3/2 - 16*w**2. Calculate d(f).
-5
Let p(y) = -19*y**3 - 6*y**2 + 2*y + 10. Let j(f) = -4*f**3. Let i = 737 + -736. Let a(z) = i*p(z) - 5*j(z). Calculate a(5).
-5
Let d(v) = 2*v + 5. Suppose -w - 719 = 4*n, 2*n = 3*w - 35 - 314. Let u = n - -175. What is d(u)?
-3
Let r(z) be the third derivative of 23*z**2 - 1/60*z**5 + 0 + 1/2*z**3 - 1/4*z**4 + 0*z. Calculate r(-6).
3
Let r(d) = -d**3 - 9*d**2 + 11*d + 14. Suppose -3*p - 12*p - 60 - 90 = 0. What is r(p)?
4
Let u(z) be the first derivative of -z**2 - 13*z - 309. Give u(-5).
-3
Let s(d) be the second derivative of d**4/6 - d**3/6 - d**2/2 - 2*d + 12. Let z(a) = -2*a**2 + 3*a + 2. Let r(w) = 3*s(w) + z(w). Determine r(1).
3
Let i(n) = 2*n + 13. Suppose -7*b + 665 = -42*b. What is i(b)?
-25
Let f(c) = -c**3 - c**2 + 2*c - 2. Suppose 18 = 8*i + 50. Let m be (69/46)/(1*2/i). Calculate f(m).
10
Let s(r) be the second derivative of -r**3 + 8*r**2 + 505*r. Determine s(8).
-32
Let s(h) = h**2 - 6*h - 7. Let l(d) = -2*d**2 + 7*d + 4. Let b be -4 - -1 - 6/((-3)/3). Let r be l(b). Give s(r).
0
Let x(i) = -12*i**2 + 12*i + 687. Let v(p) = 5*p**2 - 5*p - 342. Let m(n) = 5*v(n) + 2*x(n). What is m(19)?
6
Let l(x) be the third derivative of x**5/60 + x**4/4 + x**3/3 + 129*x**2 - 71. Let r be (4 - 2)*(-7)/2. Calculate l(r).
9
Suppose 2*k + 3 = -d, -3*k